, what is 1 + -13323130120121?
-13323130120120
In base 11, what is 130999 + 47?
130a35
In base 16, what is 5 + 32bac1c?
32bac21
In base 11, what is 8a2 - -4516a?
45a61
In base 15, what is -3a + -badc80?
-badcba
In base 15, what is 243577 + 6e?
2435e6
In base 6, what is -45051443144 - 3?
-45051443151
In base 8, what is -427427103 + -14?
-427427117
In base 5, what is -13 - -1123010224?
1123010211
In base 2, what is 1001000001101101 - 1001101100101?
111110100001000
In base 6, what is 1400 + 34131552?
34133352
In base 13, what is 85465 + -12b?
85337
In base 4, what is -11 - -103012123013231?
103012123013220
In base 5, what is -232024102 - -3?
-232024044
In base 8, what is 770 + 267313?
270303
In base 6, what is -1055110 - 2040?
-1101150
In base 2, what is -1101111111111010 + -1001101000100?
-1111001100111110
In base 15, what is -b - -638005?
637ee9
In base 6, what is 3 - 2403051555?
-2403051552
In base 14, what is -681430 + 10a?
-681324
In base 3, what is -102000202122120001 + 0?
-102000202122120001
In base 3, what is 211222021101120 - -11?
211222021101201
In base 4, what is -11 - 1333011201010?
-1333011201021
In base 2, what is 1010011 + -101000011010001?
-101000001111110
In base 6, what is -4 + -1023253452?
-1023253500
In base 6, what is 103010303 - 2?
103010301
In base 11, what is a - 1517200?
-15171a1
In base 5, what is 10 + -11031041342?
-11031041332
In base 3, what is -1120122 + 1120202000011?
1120200102112
In base 10, what is -251 - -861885?
861634
In base 4, what is 3310310002 + 120011?
3311030013
In base 6, what is 11 + 3401414325?
3401414340
In base 5, what is 3233111 + -140?
3232421
In base 16, what is 55cb + -234?
5397
In base 3, what is -11222012220222202 - -11?
-11222012220222121
In base 5, what is -4131 - 3100213?
-3104344
In base 14, what is -4 + 2124a0?
21249a
In base 5, what is -4 + -11022334020?
-11022334024
In base 9, what is 10378 + -807?
8471
In base 12, what is -145 - -13b6896?
13b6751
In base 3, what is -12121 - 2111021201?
-2111111022
In base 9, what is -475 + 5003?
4417
In base 8, what is -4062443055 - 1?
-4062443056
In base 7, what is -1553 - -5604?
4021
In base 16, what is 85d85b3 - 3?
85d85b0
In base 13, what is -2 - -12cc449?
12cc447
In base 10, what is -231 + 42223?
41992
In base 12, what is 573204 + -1?
573203
In base 12, what is 3 + -59486b2?
-59486ab
In base 3, what is 10101 - 220110011?
-220022210
In base 6, what is 1455340254 - 3?
1455340251
In base 15, what is 2291 - -7b?
231c
In base 6, what is -5 + 2351121004?
2351120555
In base 13, what is -3 + -36726684?
-36726687
In base 7, what is -1114420 + -4425?
-1122145
In base 2, what is 1100101100010111001110111 - -11?
1100101100010111001111010
In base 15, what is -bc6a + 8a0?
-b3ba
In base 13, what is -a6 + -13b764?
-13b83a
In base 8, what is -11117 - -1511?
-7406
In base 7, what is -3 - 34012260?
-34012263
In base 5, what is 3241412040 + 1?
3241412041
In base 4, what is 21 + -32322320311?
-32322320230
In base 7, what is -10040550 - -51?
-10040466
In base 7, what is -2123 - -344102?
341646
In base 3, what is 222011001111 + -1011011?
222002220100
In base 4, what is 11 + -30011121121?
-30011121110
In base 5, what is 333143 + 140110?
1023303
In base 10, what is 1522014690 - -1?
1522014691
In base 3, what is 102222210111022122 + -2?
102222210111022120
In base 15, what is -1649d - -27c?
-16221
In base 13, what is -1489835 - -c8?
-148973a
In base 2, what is -1001111101001001101000 + 1000?
-1001111101001001100000
In base 15, what is -131a + 18c8d?
17973
In base 15, what is 3 - 8ed5e9?
-8ed5e6
In base 6, what is -10 + -551240?
-551250
In base 4, what is 1103 + 212110212?
212111321
In base 7, what is -216155315 - 1?
-216155316
In base 13, what is 4 - 1a8a20?
-1a8a19
In base 3, what is 2 - 12022221010121?
-12022221010112
In base 7, what is 2640 - -216233?
222203
In base 8, what is -2164176 + -5?
-2164203
In base 5, what is -3 - 11411143224?
-11411143232
In base 12, what is 10 - 1b5061?
-1b5051
In base 8, what is 57 + 6447050?
6447127
In base 4, what is -100122 + -3212013?
-3312201
In base 12, what is b4 + -1471481?
-1471389
In base 4, what is 101 + 11320223133?
11320223300
In base 12, what is -158454 - 1234?
-159688
In base 2, what is 1100001001000110000110 + -1111101?
1100001001000100001001
In base 9, what is 418814 + 44?
418858
In base 4, what is 12 + 11321022100131?
11321022100203
In base 6, what is 1131003 - 1032?
1125531
In base 3, what is -20102211020 - -1201?
-20102202112
In base 13, what is 4 - -432325?
432329
In base 8, what is 4 - 35611033?
-35611027
In base 11, what is 4374 + -17648?
-13284
In base 12, what is 9 + 480b0?
480b9
In base 3, what is 100110120211 + 202020?
100111100001
In base 3, what is -1022221 - -111212110?
110112112
In base 9, what is 37564 + -4?
37560
In base 5, what is -20434 + 2104?
-13330
In base 14, what is 15d7851 - -4?
15d7855
In base 15, what is 14 - -6b944?
6b958
In base 16, what is -1b6493d5 + -3?
-1b6493d8
In base 12, what is 15521821 - -1?
15521822
In base 4, what is -3 + 202302121221?
202302121212
In base 4, what is 333 + -302031022?
-302030023
In base 5, what is 33334440 + -101?
33334334
In base 4, what is 323 + 10221221132?
10221222121
In base 4, what is -13320201300130 - -2?
-13320201300122
In base 14, what is -2 + -17cab38?
-17cab3a
In base 14, what is -4823279 - 0?
-4823279
In base 5, what is 13043 - -33101?
101144
In base 9, what is -3300 - 2122?
-5422
In base 5, what is -21141444 - -114004?
-21022440
In base 14, what is -1617 - 3c8b?
-54a4
In base 9, what is -112 - 314440?
-314552
In base 9, what is 85745536 - 2?
85745534
In base 13, what is 17bb23c - -9?
17bb248
In base 9, what is 45286 - 806?
44380
In base 6, what is 1325212550 - -5?
1325212555
In base 10, what is 61211 + -2264?
58947
In base 16, what is -2f - 74e0?
-750f
In base 4, what is -113233 + -1012122032?
-1012301331
In base 13, what is c8141 - -1399?
c950a
In base 16, what is -7b04 - 289?
-7d8d
In base 14, what is ca94aa - 33?
ca9477
In base 13, what is -3b3 + -2379?
-275c
In base 16, what is -2 + -1b1d13d?
-1b1d13f
In base 16, what is 0 - 674a45?
-674a45
In base 6, what is 13355 + 10300?
24055
In base 15, what is -417a6c + -28?
-417a95
In base 11, what is 134454 + 17?
134470
In base 13, what is -c9 - -230cc2?
230bc6
In base 5, what is -11 - 33402130133?
-33402130144
In base 12, what is 938 - -41?
979
In base 8, what is -24706767 - -5?
-24706762
In base 5, what is 124323 + -4344?
114424
In base 12, what is -1763b + 23a?
-17401
In base 4, what is -10020000 + 3011?
-10010323
In base 4, what is 123121100 - 1101?
123113333
In base 2, what is 11010101111000000101100 + -100001?
11010101111000000001011
In base 15, what is -2113 + dda?
-1228
In base 6, what is -120331 + 324033?
203302
In base 13, what is -3 + 48564a8?
48564a5
In base 16, what is 5686a - -cc?
56936
In base 15, what is 2572245 + 1?
2572246
In base 14, what is 1 - 135bdac?
-135bdab
In base 3, what is -10 - -100101221022102110?
100101221022102100
In base 4, what is 101 + 3123030323?
3123031030
In base 3, what is -10000110122020 + 1112?
-10000110120201
In base 16, what is 1a + -cd8e3?
-cd8c9
In base 15, what is 4 + b8ce5?
b8ce9
In base 11, what is 445 - 446a4?
-4425a
In base 2, what is 10110011010001011011 + 100101?
10110011010010000000
In base 9, what is 1751 + -252026?
-250165
In base 2, what is -1101100011 - 1010101111100100?
-1010111101000111
In base 5, what is 22210144 + -10241?
22144403
In base 4, what is -3210200221132 + -102?
-3210200221300
In base 10, what is 1043 + 17632?
18675
In base 13, what is -87a2c0b6 + 3?
-87a2c0b3
In base 11, what is -29a41a5 - 20?
-29a4215
In base 12, what is 31967 + 9bbb?
3b966
In base 16, what is -f1 + -74330?
-74421
In base 10, what is 5 + -38797509?
-38797504
In base 8, what is -332 + -25157756?
-25160310
In base 13, what is -49 + -190b96?
-190c12
In base 8, what is 127 - -1406046?
1406175
In base 6, what is -1213244 - -24?
-1213220
In base 6, what is -533131234 + -1?
-533131235
In base 5, what is -302 + -114032430?
-114033232
In base 5, what is -4344 + 333434?
324040
In base 9, what is -278372 + 2?
-278370
In base 8, what is 21453572 + -20?
21453552
In base 14, what is -4777ba + -2?
-4777bc
In base 16, what is f625a4 - 2?
f625a2
In base 6, what is 44 - 131105103?
-1311